What is the highest common factor of r and c?
6
Let w(c) = 2*c**3 + 14*c**2 - 3*c - 42. Let v be w(-6). What is the highest common factor of 8912 and v?
16
Suppose 5*m = 3*x - 46224, -61609 = 190*x - 194*x - m. Calculate the greatest common factor of 211 and x.
211
Suppose -93 = -2*f + 15. Let o = f - 51. Suppose 0 = -o*g + 7*g - 140. Calculate the highest common factor of g and 7.
7
Let y be (-13)/(-52) - (-2)/(-8). Suppose y = 4*b - 70 - 38. Suppose -704 - 184 = -3*m + p, 3*m = -5*p + 906. What is the greatest common factor of m and b?
27
Let r = 62 - 60. Suppose r*b - 52 = 58. Calculate the greatest common divisor of b and 495.
55
Suppose -4*y - 2*c = -138 - 34, 2*c = 5*y - 206. Let x(m) = -9*m + 402. Let b be x(y). Calculate the highest common factor of 33 and b.
3
Let a be ((-2)/(-12) - (-11873)/186) + 2/1. Calculate the highest common divisor of 88 and a.
22
Let p = 184 - 160. Suppose -p*b + 17*b + 630 = 0. Calculate the greatest common divisor of b and 18.
18
Let w be (0/(-2))/(1 - 2). Suppose s - 4*s + 5*l + 1570 = 0, w = -2*s + l + 1049. Calculate the highest common divisor of 21 and s.
21
Suppose -673*d + 664*d + 4752 = 0. What is the greatest common factor of d and 66?
66
Let i = 37205 - 37023. Calculate the highest common factor of i and 4886.
14
Let b be (-5 + 31/7)/((-4)/14). Let p(y) = -2*y - 11*y + 2*y + b. Let x be p(-2). What is the highest common divisor of 8 and x?
8
Let g(t) = 34*t + 148. Let o be g(23). Calculate the highest common factor of 18 and o.
6
Let m = -20 - -32. Let k(w) = w**2 + 26. Let h be k(0). Suppose 2*v = -2*q + 12, -5*v - h = 2*q - 4*q. Calculate the greatest common divisor of q and m.
4
Let i be (2/4)/((-3)/18). Let b be -3*1 - (i - 54*-1). Let a = b + 60. What is the greatest common factor of 12 and a?
6
Suppose 0 = 153*o - 150*o + 1119. Let f = o - -422. Calculate the highest common factor of f and 98.
49
Let t = -8602 - -9349. What is the greatest common divisor of t and 9?
9
Let k be 1*(((-19)/(-3) - 7) + 29/3). Calculate the greatest common factor of 387 and k.
9
Suppose 43*h - 6*h - 66600 = 0. Calculate the highest common divisor of 50 and h.
50
Suppose -45*d - 221*d - 320*d = -213304. Let q(z) = -15*z - 2. Let o be q(-2). Calculate the highest common factor of o and d.
28
Let l be 2/3*(-4251)/26. Let p = l - -226. Calculate the greatest common factor of p and 13.
13
Let z(b) = -b**3 + 28*b**2 + 13*b - 51. Let k be z(27). Calculate the greatest common divisor of 1372 and k.
343
Let s be (2 + 165 - (3 - 4)) + -3. Suppose -4*i - 37 = -s. Suppose 6*n + i = 3*p + 4*n, -2*p = 5*n - 15. Calculate the greatest common divisor of 170 and p.
10
Suppose -484 - 3338 = -49*k. Calculate the greatest common divisor of 1989 and k.
39
Suppose 24 = -39*r + 45*r. Let n be r + 0 - (-41)/1. Calculate the highest common factor of n and 60.
15
Suppose 0 = 5*f - 6*f + 2*b - 292, -f + 3*b = 293. Let v = f - -299. Calculate the highest common factor of v and 15.
3
Let d = 281 - 278. Suppose -p + 160 = 4*q, 0 = -d*q - 3*p - 0*p + 120. Calculate the highest common factor of 160 and q.
40
Let b(y) = -2*y**2 - 4934*y + 19773. Let m be b(4). Let f be (2 - 0)*(-3)/(-6). What is the greatest common divisor of m and f?
1
Let q(z) = -7*z + 43. Let x be q(6). Let t(o) = -3*o**3 - 14*o**2 - 10*o + 3. Let y be t(-4). Calculate the highest common factor of x and y.
1
Let i be -9 - (-638*9/18)/1. What is the greatest common divisor of i and 20?
10
Suppose -2798 = -2*q + 78*b - 80*b, -5*q - 3*b = -6997. What is the highest common divisor of 525 and q?
175
Suppose 10*q = 11*q + 7. Let d(u) = u**3 + 11*u**2 + 13*u - 6. Let x be d(q). Calculate the highest common divisor of 9 and x.
9
Suppose 0 = -v + 3*v - 10, 3*l = -2*v + 3757. What is the highest common divisor of l and 1?
1
Let l(h) = 13*h - 36. Let u be l(7). Let d = 50 - u. Let r(z) = z**2 + z - 9. Let g be r(d). Calculate the highest common factor of g and 33.
11
Suppose -21*x - 292 = -25*x. Let n = x + -62. Suppose 0 = 3*q - 4*h - n - 17, -3*q - 5*h + 19 = 0. Calculate the highest common factor of q and 4.
4
Let t be (210/(-50))/((-3)/15 + 0). Suppose 8*a + t*a = 5568. What is the greatest common factor of 8 and a?
8
Let g be (-362 - -473) + 0 + 0 + 4. Suppose -5*w - 159 = -4*u, -164 = -0*u - 4*u + 4*w. What is the greatest common divisor of u and g?
23
Suppose -416*n + 321661 - 25885 = 0. What is the greatest common factor of 79 and n?
79
Let q = -132 - -220. Let x = 89 - q. Let b be (-81)/(-5) - (x - 4/5). Calculate the highest common divisor of b and 56.
8
Let o(x) = 6*x**3 - 7*x + 30. Let n be o(3). Calculate the highest common factor of 475 and n.
19
Let z(d) = -58*d - 436. Let b be z(-8). Calculate the greatest common divisor of b and 42.
14
Let t = -117 - -78. Let f = -38 - t. Let p = 76 - f. Calculate the highest common divisor of p and 30.
15
Suppose i + 3*i = 1044. Let q = -161 + i. Suppose -v = -5*v + q. What is the greatest common divisor of v and 75?
25
Let z be 28/98 - (-33)/7. Suppose -z*n - 185 = -2*w, -4*w + n = -379 + 18. Calculate the greatest common divisor of w and 50.
10
Let t be (-3225)/(-129)*(-424)/(-10). What is the greatest common divisor of t and 160?
20
Let s(z) = -27*z - 1. Let f be s(-1). Suppose -w = -70 + 12. Let g = w + -32. What is the highest common divisor of g and f?
26
Let r(j) = 2919*j - 10963. Let t be r(4). Let y(x) = -2*x + 7. Let u be y(-8). What is the greatest common factor of t and u?
23
Let c be (6/(-15))/(-3 + (-1074)/(-360)). Suppose -23*i - c = -93. What is the greatest common divisor of i and 111?
3
Let g be ((-3)/(-8)*4 - 1)*22. Suppose 0 = 3*x + 9, g*u - 4*x = 10*u + 411. Calculate the greatest common divisor of u and 57.
57
Let u = -33 - -72. Let f(z) = z**3 + 5*z**2 + 10*z + 161. Let p be f(-6). What is the highest common factor of p and u?
13
Suppose 6*l - 72 = -6*l. Suppose -l*r + 4*r = -5*g - 10, -5*r - 3*g = -25. Suppose 0 = -u - 2 + 3. Calculate the highest common divisor of u and r.
1
Let d = 460 - 458. Suppose -5*i + 2*q + 131 + 439 = 0, 0 = d*i + 5*q - 199. Calculate the greatest common divisor of i and 160.
16
Let u be ((-8 + 6)/1)/((-4)/106). Suppose 0 = -4*b - p + u, 5*b - 3*b - 4*p - 4 = 0. What is the greatest common factor of 84 and b?
12
Let d(y) = y**3 + 17*y**2 - 15*y + 67. Let f be d(-9). Suppose -47*r + 42*r - 2*v + f = 0, -3*r = 5*v - 491. Calculate the highest common factor of r and 129.
43
Suppose -45 = l - 2*k, 3 = 3*l - 2*k + 130. Let f = l - -31. Let h be (-11913)/(-55) + 6/f. What is the highest common factor of h and 27?
27
Suppose 3*l + 690 = 5*l. Let o = 21188 - 21173. What is the highest common divisor of o and l?
15
Let o(v) = -7*v**3 + v**2 - 6*v + 7. Let f be o(-4). Suppose 8*h = -3*h + f. Calculate the greatest common factor of h and 75.
15
Let l be (-48 + 30)/((-24)/28740*(-10)/(-2)). What is the highest common factor of 27 and l?
9
Let a be -4132*(-11)/(-132) + 2/6. Let m = -293 - a. What is the highest common divisor of m and 2?
1
Let x be 3 + -2 + (-12)/(-4). Let s = 20 - x. Let z = -82 - -98. Calculate the greatest common divisor of z and s.
16
Suppose 384 = -6*a + 36. Let i = a + 58. Suppose -2*o = 4*c + 2*o - 112, -5*o = i. What is the highest common divisor of 28 and c?
28
Suppose 2*g + 627 = 5*g. Suppose 128*v - 3577 = -6*v - 1031. Calculate the greatest common divisor of v and g.
19
Let x(u) = 14*u**2 - 169*u + 1556. Let y be x(8). Calculate the highest common factor of 1045 and y.
55
Suppose -42*b - 1015 = -47*b. Let j = b + -200. Calculate the greatest common divisor of j and 21.
3
Let m = -988 - -1848. What is the greatest common divisor of m and 1376?
172
Let d(b) = -204*b - 102. Let n be d(3). Let t = n + 734. Calculate the highest common divisor of 740 and t.
20
Let z = -348 - -482. Suppose 96 = -128*m + z*m. Let h(j) = 21*j - 13. Let a be h(9). What is the highest common divisor of a and m?
16
Let w(g) = 167 - 87 + 329*g + 177 - 33 - 331*g. Let p be w(28). Calculate the greatest common factor of p and 126.
42
Let m = 19441 - 19433. What is the highest common divisor of m and 3072?
8
Let n(f) = 3 - 8*f**2 + 8*f**2 - 40*f**2 + 3*f**3 - 19*f + 33*f. Let y be n(13). Suppose -5288 - 1624 = -y*p. What is the greatest common factor of 48 and p?
48
Suppose 48*q = 44*q + 4, -3*q = 